 -5*p + 5*o, s*o - 22 + 5 = -p. Give y(p).
6
Suppose -3*b + 0*b + 9 = 0. Let u(t) = -3*t**2 - t**2 - b*t**2 - 1. Suppose -3*x - 12 = -2*v - 3, 2*x + v = 1. Give u(x).
-8
Let v(q) be the second derivative of 7*q**4/12 - q**3/6 + 3*q**2 + 31*q + 34. Determine v(2).
32
Let y = -35860 + 35862. Let u(x) = -5*x + 15. Calculate u(y).
5
Let j = -70 + 87. Let u(k) = -j*k + 18*k - 4 + 2. Let w(d) = -2*d + 5. Let t(m) = 5*u(m) + 2*w(m). What is t(-2)?
-2
Let v(g) be the third derivative of 13*g**6/720 + g**4/24 + 7*g**3 - g**2 + 39*g. Let a(b) be the second derivative of v(b). What is a(-1)?
-13
Let l(r) = -3*r**2 - 4*r - 6. Suppose 4*h + 1 = -7. Let g be l(h). Let o be g/(-6) + -2 - (-3)/9. Let f(q) = -q**2 + q + 15. What is f(o)?
15
Let i(a) = -80*a - 158. Let z be i(-2). Let g(u) = 4*u**3 - u + 1. Give g(z).
31
Suppose k + v + 33 = 6*k, -4*v + 22 = 2*k. Let h(i) = i**2 - 9*i + 18. Let u(t) = 1. Let p(l) = h(l) - 2*u(l). What is p(k)?
2
Let l(w) = -151*w + 6650. Let p be l(44). Let r(b) = -76*b + 457. What is r(p)?
1
Suppose -14 = 4*f - 6. Let j be (-92)/(-115)*(-5)/f. Let u(v) = j*v**2 + 5*v - 10*v - v**2 - 6. Give u(6).
0
Let h(y) = -y**3 - 3*y**2 - y + 5. Let i be 1144/187 + (4/(-17))/2. Let n be 4 + 12*(-4)/i. Calculate h(n).
25
Let o = -762 + 757. Let x(j) = -j**3 - 2*j**2 + 10*j + 4. Calculate x(o).
29
Let k = -6448 - -6429. Let i(n) = 14*n + 262. Determine i(k).
-4
Let f = -12136 + 12140. Let l(p) be the third derivative of 0 + 7/12*p**f + 13*p**2 + 0*p + 1/6*p**3. What is l(-1)?
-13
Let a(z) be the first derivative of -z**3 - 12*z**2 - 15*z - 1505. Determine a(-7).
6
Let m(d) = -3*d + 80. Let y be m(9). Suppose 73 - y = -5*g. Let l(r) = -r**3 - 4*r**2 + 2*r + 3. What is l(g)?
-5
Let b(p) = 11*p + 41. Let r be -4 - (156/(-13) - -12). What is b(r)?
-3
Let h(i) = -i**3 - 2*i**2 + i. Suppose 4*v = 20*v - 48. Suppose a - 4 = -y, 0 = -y - v*a + 8 + 2. Determine h(y).
-2
Let i(d) = 7*d + 42. Let k(h) = -5*h**2 + 420*h - 7. Let f be k(84). What is i(f)?
-7
Let q(o) be the third derivative of 47*o**2 + 0*o + 1/20*o**5 + o**3 + 0 + 1/8*o**4. Let h(i) = -2*i**2 - 4*i - 5. Let x(n) = -4*h(n) - 3*q(n). Determine x(5).
12
Let g(y) = -y**3 - 11*y**2 - 12*y - 13. Let n be ((-576)/15)/(39/(-130)). Let x = n - 138. What is g(x)?
7
Let b(j) be the third derivative of j**6/120 + 3*j**5/20 - 11*j**4/24 - 5*j**3/2 - 31*j**2 + 11*j. What is b(-10)?
-5
Suppose 783 = 29344*j - 29083*j. Let q(m) = m**2 + 3*m + 2. Let d(h) = h**2 + 3*h + 2. Let g(i) = 2*d(i) - 3*q(i). Give g(j).
-20
Let q(m) = 3*m + 2. Suppose 66*w = 70*w - 8. Suppose w*r = 9 + 25. Suppose -2 = 18*l - r*l. Give q(l).
-4
Let d = 164 - 153. Suppose 64 = -19*r + d*r. Let p(l) = -l**3 - 9*l**2 - 8*l - 8. Determine p(r).
-8
Let s(f) = 8*f + 182. Suppose 2*g + 48 = -4*r, 2*g + 55*r - 60*r + 48 = 0. What is s(g)?
-10
Let c = -14 + 16. Let q(i) = 0 + 3*i**3 - c*i**3 + 8*i**2 + 7 + 2 + 9*i. Let d be -1 - (144/(-64))/(3/(-8)). Determine q(d).
-5
Let o(h) = -4*h**3 - 17*h**2 + 10*h + 10. Let w(f) = 5*f**3 + 19*f**2 - 11*f - 10. Suppose 19*p - 46*p = 162. Let g(c) = p*o(c) - 5*w(c). Give g(6).
-4
Let g be ((-6)/8)/((-6)/72). Let f be (-10)/g*-3*15. Let p = f + -56. Let s(a) = 2*a + 6. What is s(p)?
-6
Suppose 0 = 3*l - 3*k - 3, 5*l = 3*l - 3*k - 3. Let t(m) = m + 2. Determine t(l).
2
Let z(c) be the third derivative of -c**5/60 - c**4/8 + 20*c**3/3 - 5*c**2 + 103*c. Calculate z(5).
0
Let f(x) = -2150 + 14*x - 2314 + 4433. What is f(-6)?
-115
Suppose 0 = 82*i - 22*i - 38*i + 242. Let s(u) = u**2 + 50*u + 424. What is s(i)?
-5
Let r(s) = -49*s**3 - 10*s**2 - 9*s + 9. Let m(j) = 86*j**3 + 21*j**2 + 19*j - 18. Let z(o) = 4*m(o) + 7*r(o). What is z(-13)?
-9
Let l(t) = -25*t**3 - 25*t**2 - 21*t + 5. Let d(r) = 71*r**3 + 73*r**2 + 62*r - 13. Let w(o) = 6*d(o) + 17*l(o). Calculate w(-12).
-29
Let y(b) = 4*b**3 + 165*b**2 + 39*b - 78. Let g be y(-41). Let i(p) = 2*p**3 - 11*p**2 + 5*p + 13. What is i(g)?
-15
Let l(r) be the second derivative of -r**4/6 + r**3 - 5*r. Let w be ((-6)/(-5))/(18/60). Let c = w - 0. Calculate l(c).
-8
Let z(k) = -k**2 + 5*k + 1. Suppose 0*w = -7*w + 49. Let i be 4 - (-4 - (-27)/3). Let r = w + i. Calculate z(r).
-5
Let i(s) = -s**3 + s**2 + s - 14. Let t be i(0). Let l be (2/t + (-8)/42)*-12. Suppose -3*w - l*w = 0. Let a(y) = y**2 + y - 7. Give a(w).
-7
Let a(s) = -s**2 - 8*s - 24. Suppose 2*w + 13 = -5*y, -15*y = -y + w + 41. Give a(y).
-9
Let b(n) = n + 1. Let v = 34 - 28. Suppose -v*h = -h - 4*h. Suppose 4*y - 4*z + h*z = 36, 0 = -3*z - 15. Give b(y).
5
Let o(j) = -j - 39. Let a be o(-8). Let r(w) = w**2 + 29*w - 56. Give r(a).
6
Let t(j) = -j**2 - 4*j - 1. Let d be t(-3). Let h(r) = 2*r + d*r - 7*r + 5*r. What is h(-4)?
-8
Let l(i) = i**2 - 9*i + 13. Suppose 1306*t - 180 = 1216*t. Calculate l(t).
-1
Let z(k) be the third derivative of -3*k**6/40 - k**5/30 - k**4/24 - 125*k**2 + 30. Let d = -2 + 1. Give z(d).
8
Let t(h) be the first derivative of 7/6*h**3 - 7/24*h**4 - 7 - 2*h**2 + 1/60*h**5 + 0*h. Let l(n) be the second derivative of t(n). Determine l(5).
-3
Let i(h) = -2*h**3 - 3*h**2 + 4*h. Let d = -60 + 63. Let p(z) = -z**2 + 8*z - 13. Let s be p(d). Let g be (-60)/24 - 1/s. Determine i(g).
15
Let a(j) = -9*j - 10. Suppose -2*q = 4*d + 16, 4*q - 396 + 356 = 4*d. Calculate a(d).
44
Let m(l) = -8*l**2 - 2*l - 1. Suppose 4*v + 4 = 2*u - 26, -2*v + 13 = 3*u. Suppose u*h - 450 = 334. Let a be (h/(-168))/(2/(-6) + 1). Calculate m(a).
-7
Let z(g) be the third derivative of 4*g**5/15 + 14*g**4/3 - g**3/2 + g**2 - 1163*g + 1. Give z(-7).
-3
Let u(v) = 10*v**2 - 10*v + 1. Let b(n) = 21*n**2 - 19*n + 4. Let g(j) = -2*b(j) + 5*u(j). Calculate g(2).
5
Let h(y) = y**3 - 17*y**2 - 20*y + 22. Suppose 5*l - b - 93 = 0, -3*b = 4*l + 10 - 73. Calculate h(l).
-14
Let i(g) = -3*g + 104. Let y(f) = -f**3 + 11*f**2 + 27*f + 18. Let u be y(13). Calculate i(u).
11
Let k(d) be the first derivative of -d**6/120 + d**5/60 + d**4/12 + 161*d**3/3 - 78. Let a(o) be the third derivative of k(o). Calculate a(-1).
-3
Let n = 98 - 88. Let b(g) = 11*g**2 - 162 - 10*g + 315 - g**3 - 154. Determine b(n).
-1
Let d(o) = o**2 + 18*o + 84. Let p be (-6 - (-12)/(-18))/((40/12)/5). What is d(p)?
4
Suppose -3*y + 76 = 4*g - 15, 4*g - 71 = y. Let s(f) = 19 + g - 2*f - 39 + 7*f. Give s(-1).
-6
Let i(o) = 17*o - 6. Let g = 2102 + -2101. Determine i(g).
11
Let b(y) be the second derivative of y**8/2240 + 83*y**4/6 - 399*y. Let c(h) be the third derivative of b(h). Let q = -1 - -2. What is c(q)?
3
Let m be (60/70)/(4/14). Let f(i) = -i**3 + 26*i**2 - m*i + 2*i**3 - 15*i**2 - 3*i**2. Give f(-8).
24
Let u(s) = s**3 + s**2 + s - 5. Suppose -v + 5*o = v - 15, 0 = -2*o - 6. Let a be u(v). Let b(w) = 6*w**2 + 62 + 5*w + w**3 - 61 + 10*w - 9*w. Determine b(a).
-4
Let p(u) = -u**2 + 10*u + 51. Let k(z) = 3*z**2 - 29*z - 149. Let o(a) = 4*k(a) + 11*p(a). Calculate o(10).
5
Suppose -4 = h, 2*h = 3*k + 112 - 447. Let a = 111 - k. Let x(o) = 1 + 2*o**2 + 3*o - 5*o + a*o - o**3. Calculate x(3).
-8
Suppose 1 = -8*w - 7. Let x be (w/3)/((24/4)/(-126)). Let c(v) = -x + 4*v + v - v + 17*v**2 - 16*v**2. Give c(-5).
-2
Suppose -v - 2 = -8. Let a be (-1)/(0 - (-66)/12 - v). Let g(i) = 1 - i**2 + i**3 + 2*i + 0*i + 0. Calculate g(a).
9
Let f(m) = -3*m**2 - 9*m + 14. Let a(o) = -16*o**2 - 43*o + 69. Let c(q) = 4*a(q) - 21*f(q). Determine c(16).
-2
Let l(d) = 8*d**3 - 2*d - 1. Let i be 2/(-16) + (-615)/(-120). Suppose 8*m - i*m = -3. What is l(m)?
-7
Let s(z) = z**2 + 9*z + 1. Suppose 28*i + 6058 + 1670 = 0. Let w = 270 + i. Calculate s(w).
-17
Let y be 48/88*11 + 4/(12/(-27)). Let m(v) = 2*v**2 + 4*v - 2. Determine m(y).
4
Let c(x) = 16*x - 49. Let y = 22915 + -22911. Determine c(y).
15
Let j = 284 - 285. Let y be ((-4)/(-3) - 4) + j/3. Let v(f) be the third derivative of -f**4/3 - f**3/6 - f**2. Determine v(y).
23
Let s = -525 - -525. Suppose -w + 21 = -v - 4*v, v + 4*w = s. Let r(f) = -f**3 - 5*f**2 - 6*f - 5. Give r(v).
3
Let f(h) = -h**3 + 27*h**2 - 24*h - 34. Suppose 98*n + 705 = 3253. Calculate f(n).
18
Suppose -6*p = p - 49. Let s(x) = -2*x**2 + 9*x - 10. Let n be (3 + -4 - -3) + -3. Let t(h) = h**2 - h + 1. Let w(c) = n*t(c) - s(c). What is w(p)?
2
Let u be -2*2/(-2) + (-9 - -5). Let v be (-2)/(u/3*-1). Let d(j) = 2*j**2 + 6*j + 4. Let o be d(v). 